 ten thousands digit of 2265192165?
9
What is the hundred millions digit of 368151093?
3
What is the millions digit of 1440279265?
0
What is the hundreds digit of 4340417871?
8
What is the thousands digit of 767618378?
8
What is the thousands digit of 5199951673?
1
What is the hundreds digit of 335932673?
6
What is the ten millions digit of 1302374529?
0
What is the thousands digit of 1044921726?
1
What is the tens digit of 217438486?
8
What is the hundred thousands digit of 1224834231?
8
What is the hundreds digit of 102178037?
0
What is the tens digit of 1629351634?
3
What is the units digit of 723371283?
3
What is the hundred millions digit of 535348319?
5
What is the ten millions digit of 1453519526?
5
What is the units digit of 114422546?
6
What is the ten millions digit of 52486003?
5
What is the tens digit of 25174543?
4
What is the hundreds digit of 1529571445?
4
What is the hundreds digit of 28237153?
1
What is the hundred millions digit of 3565869751?
5
What is the hundreds digit of 943298643?
6
What is the hundreds digit of 275987394?
3
What is the units digit of 349382429?
9
What is the ten thousands digit of 95925790?
2
What is the units digit of 48922974?
4
What is the hundreds digit of 110135166?
1
What is the thousands digit of 9749103?
9
What is the millions digit of 30595663?
0
What is the thousands digit of 1705465441?
5
What is the billions digit of 2076589465?
2
What is the millions digit of 111087135?
1
What is the billions digit of 1859884199?
1
What is the hundreds digit of 4115941199?
1
What is the hundreds digit of 419865532?
5
What is the hundred thousands digit of 1182423645?
4
What is the hundreds digit of 2583038092?
0
What is the ten millions digit of 387743389?
8
What is the thousands digit of 40951966?
1
What is the hundred thousands digit of 368012875?
0
What is the ten millions digit of 1654000635?
5
What is the ten millions digit of 1563214933?
6
What is the thousands digit of 1887789744?
9
What is the ten millions digit of 950480777?
5
What is the tens digit of 37002515?
1
What is the ten thousands digit of 57112061?
1
What is the thousands digit of 254656953?
6
What is the millions digit of 1628718970?
8
What is the hundred thousands digit of 84207365?
2
What is the millions digit of 2673210945?
3
What is the hundred millions digit of 936663973?
9
What is the tens digit of 47378421?
2
What is the millions digit of 69879543?
9
What is the hundreds digit of 31817630?
6
What is the millions digit of 264414631?
4
What is the ten thousands digit of 36246495?
4
What is the tens digit of 216884020?
2
What is the tens digit of 34683411?
1
What is the units digit of 2730621721?
1
What is the hundred thousands digit of 116663995?
6
What is the ten millions digit of 2480479378?
8
What is the ten thousands digit of 38917981?
1
What is the tens digit of 26002932?
3
What is the hundreds digit of 3156163579?
5
What is the ten thousands digit of 55259585?
5
What is the thousands digit of 1855123227?
3
What is the hundreds digit of 359682461?
4
What is the ten millions digit of 157448911?
5
What is the millions digit of 3368971191?
8
What is the hundred thousands digit of 253346995?
3
What is the millions digit of 47385370?
7
What is the ten thousands digit of 262269580?
6
What is the hundred millions digit of 1201273358?
2
What is the units digit of 812222433?
3
What is the tens digit of 1639589221?
2
What is the thousands digit of 73170380?
0
What is the units digit of 66723104?
4
What is the thousands digit of 307704482?
4
What is the ten thousands digit of 78280087?
8
What is the thousands digit of 3260210319?
0
What is the thousands digit of 1664254754?
4
What is the ten millions digit of 7933373780?
3
What is the units digit of 943456269?
9
What is the hundred thousands digit of 5917221168?
2
What is the ten thousands digit of 2261854868?
5
What is the ten millions digit of 1132895754?
3
What is the tens digit of 440704692?
9
What is the ten thousands digit of 1466753532?
5
What is the units digit of 8284300?
0
What is the units digit of 7064774?
4
What is the ten millions digit of 353358958?
5
What is the thousands digit of 348296854?
6
What is the hundreds digit of 162704967?
9
What is the hundreds digit of 2102462424?
4
What is the tens digit of 3858039047?
4
What is the ten thousands digit of 345336425?
3
What is the tens digit of 34854851?
5
What is the ten millions digit of 36027525?
3
What is the hundreds digit of 282703870?
8
What is the units digit of 357739161?
1
What is the thousands digit of 189403336?
3
What is the tens digit of 37989768?
6
What is the units digit of 134825052?
2
What is the billions digit of 2609112290?
2
What is the units digit of 55520780?
0
What is the millions digit of 507015992?
7
What is the tens digit of 8049517692?
9
What is the ten thousands digit of 1326170072?
7
What is the units digit of 422224071?
1
What is the hundred millions digit of 1401349461?
4
What is the ten millions digit of 359739244?
5
What is the units digit of 13660200?
0
What is the ten thousands digit of 417691141?
9
What is the tens digit of 819897812?
1
What is the ten millions digit of 36956997?
3
What is the ten thousands digit of 428930717?
3
What is the tens digit of 237373386?
8
What is the hundreds digit of 178940470?
4
What is the tens digit of 1289291423?
2
What is the millions digit of 104662575?
4
What is the hundreds digit of 266308775?
7
What is the ten millions digit of 493423720?
9
What is the hundred millions digit of 3135262018?
1
What is the hundred thousands digit of 565811693?
8
What is the millions digit of 87552898?
7
What is the tens digit of 310277343?
4
What is the ten thousands digit of 113869569?
6
What is the billions digit of 1409566197?
1
What is the tens digit of 619697063?
6
What is the ten thousands digit of 981340838?
4
What is the hundreds digit of 36721681?
6
What is the ten thousands digit of 52548201?
4
What is the ten millions digit of 409619380?
0
What is the units digit of 36430742?
2
What is the units digit of 20546276?
6
What is the ten thousands digit of 4305071160?
7
What is the units digit of 398873712?
2
What is the thousands digit of 942873404?
3
What is the ten thousands digit of 43741845?
4
What is the ten millions digit of 312719746?
1
What is the millions digit of 243967895?
3
What is the thousands digit of 4364246813?
6
What is the hundred millions digit of 1615046173?
6
What is the hundred thousands digit of 599518463?
5
What is the hundred thousands digit of 1394432524?
4
What is the units digit of 200249779?
9
What is the ten millions digit of 844772236?
4
What is the thousands digit of 4197006177?
6
What is the hundred thousands digit of 2389168391?
1
What is the hundred millions digit of 110717681?
1
What is the thousands digit of 160997544?
7
What is the thousands digit of 6516834?
6
What is the ten millions digit of 61728429?
6
What is the ten millions digit of 177751491?
7
What is the units digit of 2006303682?
2
What is the hundred millions digit of 3813209898?
8
What is the tens digit of 7372529?
2
What is the thousands digit of 14090957?
0
What is the hundred thousands digit of 93821987?
8
What is the tens digit of 605613670?
7
What is the hundred thousands digit of 281477455?
4
What is the millions digit of 28342188?
8
What is the tens digit of 1333170180?
8
What is the hundreds digit of 122844552?
5
What is the ten thousands digit of 3707404?
0
What is the tens digit of 64911277?
7
What is the ten millions digit of 69625709?
6
What is the hundred thousands digit of 333736738?
7
What is the hundred thousands digit of 91418181?
4
What is the tens digit of 99099751?
5
What is the tens digit of 1826471940?
4
What is the hundreds digit of 249630303?
3
What is the tens digit of 798671237?
3
What is the billions digit of 3478850042?
3
What is the thousands digit of 145331122?
1
What is the hundreds digit of 157281015?
0
What is the ten thousands digit of 2169396?
6
What is the hundred thousands digit of 190271966?
2
What is the thousands digit of 15344383?
4
What is the hundreds digit of 629994180?
1
What is the hundred millions digit of 1073687542?
0
What is the hundreds digit of 3327780?
7
What is the units digit of 373628159?
9
What is the hu